 + (2 - 0) + 7.
8
1 + (-1 - -2) + (183 - 181)
4
What is the value of 0 + (-1 - (-2 + (4 - -2)))?
-5
Evaluate 0 - (4 - 7) - (-1 + 8).
-4
(-6 - -2) + -7 + -4 + 5
-10
What is -5 + -17 + 12 + 3?
-7
What is 1 + 0 - (5 - 2 - -3)?
-5
4 + (3 - (7 + -2))
2
Evaluate 5 - 10 - (-8 + 3).
0
Evaluate -3 + -7 + 15 + -2.
3
Calculate 5 + -1 - (-1 + 6).
-1
What is 3 - -8 - 7 - 6?
-2
What is the value of -14 + 10 - (1 + 0 + -4)?
-1
3 - ((-4 - (-5 - 5)) + -4)
1
-1 - (4 + -4 - 3) - -3
5
Evaluate -5 - (6 - 2) - -3.
-6
-10 - (5 + 1 + -7)
-9
-3 + 4 + -3 - (1 + 1)
-4
What is 1 - (2 - ((-1 - 0) + -6))?
-8
Calculate (5 + (-6 - 0) - 5) + 6.
0
What is -3 + -1 - (34 - 37)?
-1
What is 3 + 0 + (2 - (2 + 8))?
-5
2 + -5 - (-3 + (1 - 1))
0
Calculate 5 + (6 - 7 - (2 + -4)).
6
What is the value of (2 - (6 - 3)) + 4 + -4?
-1
What is the value of 5 + (-1 + 0 - (39 + -41))?
6
What is 5 + -5 + (-1 + 9 - 3)?
5
Calculate 4 + 5 + -18 + 6.
-3
Evaluate 7 + -12 + 7 + 9.
11
What is 3 - 0 - (-2 - -1)?
4
(0 - 1) + 0 + -2 + 8
5
Evaluate 6 + (-1 - (5 - (3 + 1))).
4
What is the value of (2 - -1) + -7 + 5?
1
(3 + -2 - (-8 - -6)) + -3
0
(95 - 90) + 0 + (2 - 2)
5
What is 0 + -3 + -7 + 4 - -4?
-2
What is 5 + 3 - (-1 - -7)?
2
What is the value of -12 - (1 - 2) - (298 - 299)?
-10
-12 + (-2 - -7) - (-3 - 1)
-3
Evaluate -2 + -2 + 1 - (1 - 1).
-3
What is the value of -25 - -22 - (-5 + 2)?
0
Calculate 4 - (10 + -6 - 0).
0
Calculate (-2 - 2) + 11 + -6.
1
Evaluate -2 + (-5 + 0 + 3 - 1).
-5
Evaluate 5 + -1 + -2 - (11 - 7).
-2
7 - (-4 + 4 + -5 + 8)
4
Calculate -2 + -2 - -4 - 5.
-5
What is the value of -3 + 8 + -3 - 2?
0
What is 0 - (1 + -3) - -1?
3
What is -8 + -5 + 7 - (-3 - 3)?
0
What is the value of -2 + (1 - -1) + 4?
4
7 - (20 - (-6 + 12 - 4))
-11
Calculate (-1 - -1) + -15 + 17.
2
What is (-3 - (-1 - 3)) + 3 + 1?
5
What is 15 + -18 - (-4 + 4)?
-3
What is the value of -6 - (1 + (5 - (-4 + 13)))?
-3
-6 - (2 + -4 + 0) - -6
2
What is (-10 - -7) + 1 - 0?
-2
Calculate 5 + (-8 + 5 + -4 - -3).
1
Calculate -7 + (9 + -5 - 2).
-5
What is the value of (-1 - -7) + -5 + -1?
0
1 + (-3 - 1) + 1
-2
Calculate 3 + -13 + 7 - -4 - 1.
0
What is the value of -1 + 0 - (-25 - -18)?
6
What is -2 + (-4 + 6 - 4) + 4?
0
1 - (5 - (-14 - -11))
-7
Evaluate -3 + (-5 - -3) + 0.
-5
2 + (-9 - (-1 + -5))
-1
9 + -7 - (-1 - -6)
-3
What is the value of ((0 - -1) + -1 - 8) + 2?
-6
7 - (-6 - (2 - 7 - 1))
7
Evaluate -6 + 5 - (-1 + 6).
-6
Evaluate -1 + -1 - (4 - (-5 - -7)).
-4
-12 + 4 + 3 + -2
-7
Evaluate -7 - ((1 - (-1 - -8)) + 5).
-6
What is -5 + 5 + -3 + (-2 - -10)?
5
0 - -2 - (85 - 85)
2
Calculate -10 - (-18 - -7 - -7).
-6
What is 4 + -1 + 3 + -2?
4
What is 2 - (6 + -4 - 5)?
5
(12 - (0 - -9)) + (-1 - 6)
-4
10 + (1 - 13) - 1
-3
Evaluate -1 + (5 + -13 - -11) + -11.
-9
What is 1 - (4 - (-4 + (3 - -4)))?
0
What is 7 + 7 + -5 - 3?
6
What is the value of 0 - -2 - (1 + 4 + -7)?
4
Calculate 0 + 9 + (6 + -1 - 9).
5
Calculate (-2 + 0 - -2) + -5 + 2.
-3
Evaluate (-3 - 0) + -2 + -3 + 7.
-1
Calculate (36 - 22) + -14 + 1.
1
Evaluate -5 + (7 - -3) + -6.
-1
What is the value of -13 + 7 + 19 + -13?
0
(-2 - 2 - -3) + -3
-4
Evaluate 3 - -3 - (-11 + 10).
7
Evaluate -6 - (-16 - -7 - -3).
0
What is the value of -4 + 0 + (1 - 0)?
-3
What is (-2 - -6) + 1 + -1?
4
What is the value of 0 + -7 + 3 + 1?
-3
Calculate 2 + 3 - (-6 + 10).
1
-17 + 16 + 1 + -5
-5
-4 + -5 - -5 - -7
3
What is the value of -9 + (6 - 3) - -2?
-4
What is the value of (4 - 5) + 6 + 1?
6
Calculate -343 + 349 - (-3 + 1 - 1).
9
-5 + 6 - (1 - 5)
5
What is -6 - -1 - (1 - -2) - -4?
-4
-1 + 0 - (2 + -2 - 1)
0
Evaluate 4 + -1 + 17 + -21 + -2.
-3
(7 - 8) + 0 + -2 - -3
0
Calculate 5 - 9 - -2 - -1.
-1
What is the value of (-3 - 1) + (-8 - -15) - 3?
0
-3 + 7 + -2 + (4 - 7)
-1
Calculate -3 + -4 + (5 - (-4 + -2)).
4
Calculate -7 + 2 - -1 - -8.
4
What is the value of 0 - -6 - (0 + -3 + 1)?
8
Evaluate 21 + -24 + -1 + 2 + 8.
6
Calculate (1 + 2 - 5) + 2 + -1.
-1
Calculate 4 + (-5 + 19 - 24).
-6
What is 1 - (3 + (-15 - -4) + 5)?
4
Evaluate -5 + (14 - 5) + -2 + 1.
3
-4 + 0 - ((1 - 2) + -2)
-1
What is (7 - -5) + -3 + -5?
4
Calculate -5 - -6 - 5 - (-6 - 0).
2
Evaluate 2 + (1 - 3) - (-87 - -84).
3
What is the value of -7 + 0 - (-2 - 0)?
-5
Evaluate 4 - (3 - (-3 + 1)) - 1.
-2
What is the value of -3 - (-2 + 8 + -3 - 9)?
3
5 + -5 + (0 - 4)
-4
3 - (-2 - 3 - -5)
3
What is the value of 10 + -6 + -3 + 5 + 0?
6
What is the value of (0 - 3) + -4 + 11?
4
Calculate (-2 - 5 - -5) + (-1 - -3).
0
Evaluate 3 + -1 + 6 + -3.
5
What is the value of (1 - ((-5 - -1) + 3)) + -5?
-3
Calculate 6 - 10 - (-16 - -12).
0
Evaluate (-1 - -18) + (-20 - (25 - 37)).
9
Evaluate -2 + 2 + 2 - 8 - -2.
-4
What is -2 + (3 - 0 - 2)?
-1
What is 3 + (14 - (0 - -6)) - 6?
5
What is (15 - (7 + 6)) + 6?
8
What is the value of (-1 + -4 - -5) + (-1 - -1)?
0
What is the value of 2 + (-2 - -7) - (48 + -44)?
3
What is 8 + -16 - (-12 + 8)?
-4
What is -14 + (-5 - -7) + 8?
-4
Evaluate 1 - 7 - 0 - (-27 + 12).
9
What is -3 - -1 - (0 - 7 - -4)?
1
5 + 4 + -7 + (3 - 1)
4
Evaluate 10 + -5 - (2 - -7).
-4
What is the value of (4 - -9) + -8 + -7?
-2
Calculate -7 + (7 - (-6 - -7)) + 1.
0
What is 8 - (1 - (-8 + 4))?
3
What is the value of 6 + -6 + -3 + (-2 - -11)?
6
Evaluate 3 + -3 + 0 + (-5 - -2).
-3
Evaluate (0 - -6) + 1 + (-2 - 0).
5
What is 15 - 23 - (-2 + -2)?
-4
Evaluate 2 + 1 + (3 - 10) - 1.
-5
What is -9 + (-4 + -5 - -13)?
-5
Evaluate 7 + -2 + -5 + (2 - -1).
3
Calculate (3 - 1 - 4) + 12 + -7.
3
What is -4 - (-7 + -1) - -1?
5
-3 - 2 - -11 - 2
4
Calculate -2 - (-2 - 3) - (-1 - -6).
-2
Evaluate -3 - -4 - (2 + -5).
4
What is the value of 2 + (1 - (2 + -1)) - 6?
-4
Evaluate -2 - (-4 - (-13 - -7)).
-4
What is 8 + -1 + -2 - (-8 + 8)?
5
Calculate -9 + -2 + 4 - -1.
-6
What is the value of (-9 - (0 - 6)) + 8?
5
What is the value of 0 - 2 - (-12 - -6)?
4
What is the value of (-3 - 4 - -8) + -1?
0
Evaluate -1 + -12 - (79 - 102).
10
Calculate 3 + (-18 + 19 - (-1 - -5)).
0
(-3 - 1) + 2 + 0 - -3
1
What is the value of -6 - (6 + 0 + -14)?
2
Calculate 17 - 1 - ((17 - -12) + -23).
10
Calculate 4 - ((1 - -2) + 1).
0
Calculate -3 + 5 + (0 - 3).
-1
What is 2 + (4 - 3 - (2 + -2))?
3
What is the value of -1 - (-3 - -2 - 1) - -2?
3
Evaluate -2 - 3 - -1 - -6.
2
Evaluate -5 + 10 + (1 - 9 - 0).
-3
What is the value of 7 - (4 + -3 + 13)?
-7
Calculate 8 + -10 + (-4 - 4).
-10
What is the value of -2 - (-7 - (-4 + 1))?
2
What is -19 + -6 + 14 - -16?
5
What is the value of 3 + -2 - (-7 - -4)?
4
Evaluate 5 + (5 - 3 - 6).
1
Evaluate 0 - -1 - (8 + -11).
4
Calculate 3 + (2 - 2) + 1 + 1.
5
Calculate 4 + (3 - 6 - 3) + 5.
3
What is the value of 4 - (4 - 1) - (1 - -1)?
-1
What is 3 - (6 + (-5 - -3))?
-1
-8 - -3 - -2 - -7
4
Calculate 6 + -4 + -1 - 0.
1
What is the value of -1 + 6 + 1 + -3?
3
Evaluate -7 + (1 - -2) + 6.
2
Evaluate 0 + -9 + 3 - -1.
-5
-9 + (5 - -8) + (-5 - -2)
1
Calculate -3 - (-8 + 13 + -5).
-3
Calculate (2 - (-2 - -4)) + 1.
1
Calculate -4 - (-6 + (-4 - -6)) - 3.
-3
0 + -5 + 2 + 4
1
(0 - 1) + 5 - (11 + -10)
3
Evaluate -7 - (-1 - (4 - 3)).
-5
Evaluate (-46 - -71) + (-3 - 11).
11
Calculate (-24 - -28) + 1 + -1 + 0.
4
Evaluate 48 - 49 - (-6 - 0).
5
Evaluate (-1 + -2 - 2) + 2 + -1.
-4
Calculate (-1 - 3) + -6 + 14.
4
Calculate -12 - (0 + -4) - -6.
-2
What is the value of -6 + -4 + -9 + 18?
-1
Calculate 8 + 11 + -29 + 12.
2
What is 4 + -7 - (3 + -13 - -1)?
6
Evaluate -5 - ((-2 - 5) + -2).
4
What is -10 - (9 - (8 + 5))?
-6
Evaluate (12 - (13 + -2)) + (-6 - 1).
-6
What is the value of -4 - (-4 + -1 + -3)?
4
Calculate (-3 + 9 - 0) + (-2 - 3).
1
Evaluate 1 - (4 + (0 - 3)).
0
Calculate (0 - -2 - 3) + -8 + 12.
3
1 - (-11 + 7 + 10)
-5
What is the value of 0 - (-6 + 9 + -5 - -1)?
1
Evaluate -19 + 20 + (3 - 2) + 4.
6
Evaluate 0 + -1 + 0 + -3 + 5.
1
What is the value of 4 - (-1 + 0 + 4)?
1
What is the value of 1 + -12 + 18 + -6?
1
What is (27 - 36) + 15 + -1?
5
-3 - (-2 + -11) - 11
-1
Evaluate -2 + 5 + (6 + -2 - 6).
1
Evaluate 18 + -8 + 3 + 1 + -9.
5
What is the value of -1 + -4 + (2 - -10) + -7?
0
What is the value of -87 - -83 - (-15 - -1)?
10
What is 6 + -2 + -14 + 7?
-3
What is the value of 2 + -1 - (-49 + 54)?
-4
Evaluate -3 + 6 + (-4 - 1).
-2
-2 - (9 + -10 + -9)
8
Evaluate 2 + (1 + -1 - -2) + -4.
0
Calculate 6 - (-5 + (-7 - -19)) - -7.
6
4 - (9 - (4 - -3))
2
Calculate -2 - (-11 - -1 - -6) - 4.
-2
Calculate 